+ 33 = 2*h. Let o = 212 - 144. Let c = o + p. List the prime factors of c.
37
Let t(f) be the second derivative of -f**5/20 + 4*f**4/3 + 5*f**3 + 7*f**2/2 - 3*f - 19. What are the prime factors of t(17)?
2, 3, 19
Let i(t) = -447*t - 3226. What are the prime factors of i(-40)?
2, 17, 431
Let d = -2975 - -12100. What are the prime factors of d?
5, 73
Let w be (-2)/10 - -131*(-5)/(-25). Suppose j = y - 1177, -w*y - 2*j - 4712 = -30*y. What are the prime factors of y?
3, 131
Suppose 3*j = -5*m + 848, -j + 6*m = m - 296. Suppose -293*d = -j*d - 7924. What are the prime factors of d?
2, 283
Let f = 1280 - 604. Suppose 5*k - d + 0*d = -f, 5*k + 4*d = -671. Let m = k - -242. What are the prime factors of m?
107
What are the prime factors of 10911066/2101*(-44)/(-6)?
2, 9521
Let y be 0 + -1 - 1363/(-29). Suppose -d + 180 = 4*o, 5*o + 262 + y = 2*d. What are the prime factors of d?
2, 41
Let b = -86 + 87. What are the prime factors of b/(-2) - ((-6140)/(-8))/(-5)?
3, 17
Suppose -97182 = -45*x + 55188. What are the prime factors of x?
2, 1693
Suppose -c = -2, 5*t - 6*c + 5*c = -17. What are the prime factors of (-3784)/(-8) + 7 + t?
3, 53
Suppose 0 = h + i - 12713, -8*i = 4*h + 3*i - 50873. List the prime factors of h.
2, 5, 31, 41
Suppose 158861 + 18580 = 5*l + 4*s, -2*l = 4*s - 70998. List the prime factors of l.
3, 11827
Let f = -21 + 23. Suppose 7*u - 6*u - f = -3*r, -u + r = -10. Suppose 0 = 21*p - u*p - 468. List the prime factors of p.
2, 3
Let s = -3716 + 6862. What are the prime factors of s?
2, 11, 13
Let c(x) = 34*x - 28. Let m be c(4). Let v = m - -91. Let w = -78 + v. List the prime factors of w.
11
Suppose -11*h = -3*f - 7*h + 19744, -32960 = -5*f - 4*h. Suppose -2*s + 20*s - f = 0. List the prime factors of s.
2, 3, 61
Let y(d) = 41*d**2 - 15*d + 138. What are the prime factors of y(11)?
2, 2467
What are the prime factors of (1312/(-328))/((-2)/(-354)*-2)?
2, 3, 59
Suppose 0 = 2*j - 3*p + 43, -16*j - 11 = -15*j + 2*p. Suppose 68 + 4 = -4*l. What are the prime factors of ((-17)/(j/l))/(3/(-2))?
2, 3
Let u = 8625 - 3427. What are the prime factors of u?
2, 23, 113
Let i(l) = 38*l**2 - 18*l - 85. Let h be i(11). Let f = h - 3074. List the prime factors of f.
17, 73
Let u(j) be the second derivative of 10*j**3/3 - 77*j**2/2 + 120*j. What are the prime factors of u(9)?
103
Suppose -6*d + 70 = -8*d. What are the prime factors of d/14 + 1 - 1186/(-4)?
5, 59
Let o(n) = n**3 + 35*n**2 - 86*n + 16. Let p be -74*((-54)/(-12) + -3)/3. What are the prime factors of o(p)?
2, 5, 23
Let w(j) = j**3 - 6*j**2 - 11*j - 24. Let s be w(5). What are the prime factors of (-14558)/(-13) + (-432)/s + -4?
2, 5, 7
Let p(i) = -175*i + 75. Let o be p(-12). Suppose -5*a - 4*f = -2175, -8*a + 3*a - 3*f = -o. What are the prime factors of a?
3, 5, 29
Let p(s) = -510*s - 7. Let r be (160/50 - 3) + 12/(-10). List the prime factors of p(r).
503
Suppose -5*f = -3*a - 121473, 2*a + 57191 = 2*f - 23791. What are the prime factors of (-2)/10 - (-5 - a/(-55))?
3, 13, 19
What are the prime factors of 4647456/163 - (-24)/(-2)?
2, 3, 5, 19
Let p = -165 - -709. Suppose -p = 4*z - 6*z. What are the prime factors of z?
2, 17
Let j(r) = -265*r**2 - 6*r - 12. Let c be j(-2). List the prime factors of -4 + (c/(-3))/(4/6).
2, 263
Suppose 22*b - 27*b = -1735. Let c be 14/(-49) + (-4)/(-14). Suppose a + c*a = -p + 71, 5*p = -3*a + b. List the prime factors of p.
67
Let b = -1329 + 1273. Let x be (2/5)/((-2)/10). Let c = x - b. List the prime factors of c.
2, 3
Let n(q) = 5*q - 55. Let c be n(12). Suppose -4*b - 5*m = -1660, -5*m = c*b - 10*m - 2030. What are the prime factors of b?
2, 5, 41
Let j = -654 + 8099. What are the prime factors of j?
5, 1489
Let v(g) = g**2 + 39 - 3*g + 27 - 2. Let u be v(0). Let t = 93 - u. What are the prime factors of t?
29
Let n = 70265 + -36022. What are the prime factors of n?
11, 283
Suppose -157 = -4*r - 149. What are the prime factors of -3 + 943 - -6 - (-3 - r)?
3, 317
Let p(i) = i**3 + 44*i**2 + 42*i - 38. Let u be p(-43). Let s = 2 + 2. Suppose 148 = 3*c + 4*w, s*c + c - u*w = 200. List the prime factors of c.
2, 11
Let m = -31 + 34. Suppose 5*y + 6 = -m*n, -4*y - n - 2 = y. Suppose -270 = -5*w - h - y*h, w = 2*h + 65. List the prime factors of w.
5, 11
Let r(u) = 35*u**2 - 3. Let d be r(-2). What are the prime factors of d + (-35)/(7 + -12)?
2, 3
Suppose -8*q = 2*q - 10. List the prime factors of q*15644/28 + (-2)/(-7).
13, 43
Let g be -1 + -3 + (-17 - -285). Let j = 525 - g. List the prime factors of j.
3, 29
Let p = -551 - -544. What are the prime factors of (34 - 49/p)*11?
11, 41
List the prime factors of (-6)/(-72) + ((-1288630)/(-24) - -16).
3, 17903
Suppose 280060 = 5*t + 273*u - 278*u, 0 = 3*t + u - 168072. List the prime factors of t.
7, 53, 151
Let f(z) = -24*z**2. Let c be f(-1). Let j = 0 + c. Let r = j + 71. What are the prime factors of r?
47
Suppose -4*w + d = 6*d - 10, -5*d + 10 = 2*w. Suppose 19*u - 16*u = 5*q - 24, q - 9 = 2*u. Suppose j - q*j + 82 = w. What are the prime factors of j?
41
Suppose 27150*c + 17076 = 27164*c + 1018. List the prime factors of c.
31, 37
Let c = 139 + -88. Let q = -47 + c. Suppose f + f = q*t - 404, 4*f = -t + 110. What are the prime factors of t?
2, 3, 17
Suppose 1 = -2*m + 11. Suppose 0 = a + 5*t - 135, -195 = 3*a - m*a + 5*t. Suppose -21*i - a = -23*i. List the prime factors of i.
5, 11
Let c(a) = 52386*a**3 + 2*a**2 - 63*a + 60. List the prime factors of c(1).
5, 10477
Let a = 24 - -17. Let v = a + -38. Suppose -v*w - 81 + 567 = 0. List the prime factors of w.
2, 3
Let j = 107 + -99. Suppose j*m = 6*m + 572. What are the prime factors of m?
2, 11, 13
Suppose -4*u - 8 = -j, u + u = j. Let p(t) = -34*t + 281. What are the prime factors of p(j)?
7, 79
Let i be (-2)/7*(-14 - 3 - -3). Suppose -i*q = w + w - 32, -4*w = -q + 26. Suppose -q*z + 5*z = -55. List the prime factors of z.
11
Suppose 218 - 14 = -3*v. Let a = -62 - v. What are the prime factors of 116 + 1/3*a?
2, 59
Let k(v) = 84*v**2 - 30*v - 611. What are the prime factors of k(-21)?
13, 2851
Let k = -91 + 94. Suppose -k*u + 866 = -5*r, 0 = u - 3*r - 258 - 28. List the prime factors of u.
2, 73
Suppose -3*h = -1 + 4, -3*c - 4*h + 2 = 0. Suppose 241 - 97 = c*z. What are the prime factors of z?
2, 3
Suppose 2*m - 25*a = -28*a + 1378, 2118 = 3*m - 4*a. What are the prime factors of m?
2, 349
Let z(k) = 3 - k**2 - 9*k + 1 + 1 + 0. Let p be z(-9). Suppose 4*j - 5*v - 1048 = -189, -1120 = -p*j - 3*v. List the prime factors of j.
13, 17
Let u(l) = 337*l - 728. List the prime factors of u(18).
2, 17, 157
Let u(o) = -o**3 + o**2. Let z(d) = 2*d**3 - 5*d**2 - d - 18. Let l(k) = -3*u(k) - z(k). List the prime factors of l(8).
2, 3, 37
Suppose -2*g - 6 = -i, 3*i - 25 = -4*g - 17. Suppose -i*q + 0*q = c - 569, 4*c - q - 2327 = 0. What are the prime factors of c?
7, 83
Let b = 90579 - 52229. List the prime factors of b.
2, 5, 13, 59
Let b(p) = p**2 - 3*p + 92. Let k be b(-11). Let y(z) = -43*z + 2. Let j be y(4). Let c = k + j. What are the prime factors of c?
2, 19
Let v = -104 - -105. Suppose v = -12*s + 1. Suppose 0 = -2*m + 4*b + 22, 0 = 3*m - s*m + 2*b - 1. List the prime factors of m.
3
Suppose p = -2*k - 0*p + 85, 5*k = p + 202. Let j = -37 + k. List the prime factors of (-2 + j + 4)*(1 + 5).
2, 3
Suppose 0 = -2*r - 3*r - j + 123, 4*j = -2*r + 60. Suppose -2*x - 5*l = -1373, 2*x - 21*l = -r*l + 1383. What are the prime factors of x?
3, 233
Let h = -49 + 51. Suppose 0 = 5*g - x - 765, -g - h*x - 43 = -207. What are the prime factors of g?
2, 7, 11
Let u be 3*(-20)/(-12) + -1. Suppose -m - 3*g + 35 = 0, 3*g = 6*m - u*m - 52. Suppose 0*t = -2*z - 5*t + m, 83 = 4*z + 5*t. List the prime factors of z.
3
Let m(n) = -53*n + 0*n**3 + 1 - 2244*n**2 - n**3 - 15 + 9*n + 2212*n**2. List the prime factors of m(-31).
389
Suppose -29*f + 146*f + 1374246 = 4867398. List the prime factors of f.
2, 3, 311
Let y(m) = 50*m - 33. Let t be ((-13)/2)/(((-18)/3)/12). What are the prime factors of y(t)?
617
Suppose 7*s = 1 + 6. Let l be 5*s/1 - 0. Suppose -115 = -i + l. What are the prime factors of i?
2, 3, 5
Suppose 5*f - 40 = -4*y - 0*y, -5*y - 5*f = -45. Suppose 3*n + 4*v = 292, 7 = -y*v - 18. Let k = -27 + n. What are the prime factors of k?
7, 11
Let w(y) = 4*y**2 - 37*